 = d - -67. What is the tens digit of x?
2
Let a(m) = -m - 2. Let i be a(-3). Let f be 5 + -1*(0 + 1). Suppose 4*z = -f*v, 3*v = -2*z + 3 + i. What is the units digit of v?
4
Let w(g) be the second derivative of -g**5/30 + g**4/6 - 5*g**3/6 + 9*g. Let q(d) be the second derivative of w(d). What is the tens digit of q(-3)?
1
Suppose -2*s = s - 27. Let p be s*(-6)/(-9)*14. What is the units digit of (2/(-4))/((-3)/p)?
4
Suppose -r + 4*a = -15, 3*a = 5*r + 5 - 29. Suppose -10*p + r*p + 1897 = 0. What is the units digit of p?
1
Let h(n) = -n**3 - 6*n**2 - 3*n + 6. Let v be h(-5). Let x be (182 + v/2)/(-1). What is the tens digit of (x/35)/((-2)/14)?
3
Let y(k) = 11*k**2 - 4*k + 4. Let p be y(4). Let d = -419 - -308. Let j = p + d. What is the units digit of j?
3
Suppose -25*h = 738 + 62. Suppose -l - 2 = l - 4*x, 4*x = -5*l - 47. Let k = l - h. What is the tens digit of k?
2
Let w(x) = 25*x**3 - x**2 - 18*x + 57. What is the hundreds digit of w(5)?
0
Let q = 3 - 0. Suppose 5*r = 2*r - i + 13, r - 1 = 3*i. Suppose r*g + b + b = 36, 2*b = q*g - 41. What is the units digit of g?
1
Let h(g) = -24 + 0*g + 54 - g**2 - 2*g. What is the tens digit of h(0)?
3
What is the hundreds digit of 7 + 668 + 12/6?
6
Let p(n) = 3*n**2 - 4*n + 3. Let g(t) = t**2 + 10*t - 9. Let v be g(-11). What is the units digit of p(v)?
7
Suppose -m = -3*b + 10822, -7*m = -b - 3*m + 3611. What is the units digit of b?
7
Let k(v) = -5*v**2 - 32*v - 8. What is the units digit of k(-6)?
4
Suppose 572 = 11*v + 220. Suppose 0 = 4*z - 51 - 9. Suppose -4*j + z = d - 16, 2*d - v = -2*j. What is the units digit of d?
1
Let l be (-282)/(-9)*(10 + -7). Suppose 0 = t + m + 10, -5*t + 4*m + 26 = l. What is the tens digit of 4*((-183)/t - 3)?
4
Suppose 0*p + 3*p - 30 = -5*b, 15 = 3*p. What is the tens digit of 153 + (-1 - (b - 4))?
5
Suppose 0 = -4*u + 4*k + 2780, -4*u - 2*k + 692 = -3*u. What is the units digit of u?
4
Let u(s) = -s**3 - 11*s**2 + 8*s + 14. Let f be u(-13). Suppose q - f = -4*t + 2*q, 224 = 4*t + 5*q. What is the units digit of t?
1
Let j = -50 - -37. Let m = 106 - j. What is the hundreds digit of m?
1
Let u = 5513 - 3653. What is the hundreds digit of u?
8
Suppose 0 = 12*j - 8030 + 410. Suppose 3*z + 369 = 3*o, -3*o - j = -8*o - 5*z. What is the tens digit of o?
2
Suppose 4*p + 1064 = -2*s, 0*s + 5*p = 3*s + 1640. Let l = -367 - s. What is the units digit of l?
3
Suppose -42*p + 31*p = -19778. What is the tens digit of p?
9
Let p = -124 - -141. What is the tens digit of p?
1
Suppose 4*y + 0*y = 8. Let d be (1 - 2 - 2) + 3. Suppose -56 = -d*w - y*w. What is the tens digit of w?
2
Let h be (-1*42)/(42/63). What is the units digit of (h/(-12))/((-9)/(-60))?
5
What is the hundreds digit of 132/10*(25/2 + 0)?
1
Suppose 0*q = -4*q + 1140. Suppose -c + 6*c - q = 0. What is the units digit of c?
7
Let b be -18*(-3)/12*2. Suppose 4*z - b*z = 0. Suppose 4*k = z, k = -3*d + 5 - 2. What is the units digit of d?
1
Let q be 5/3*(5 - 2). Let n = q - 2. Suppose -4*t - 2*d = -0*d - 108, 67 = n*t + 5*d. What is the tens digit of t?
2
Let q be 7 - (-3 + 12/4). Suppose 0 = q*b - 6*b - 1. What is the tens digit of (-8)/4*b*-10?
2
Let i = -24 + -26. What is the units digit of 10/(-9)*-12*(-180)/i?
8
Let a be (8/12)/((-5)/(-15)). Suppose 2 = q, q - 1 = -a*d + 3. Let x = d + 47. What is the units digit of x?
8
Suppose 10360 + 4629 = 13*b. What is the units digit of b?
3
Suppose -3*o = -0 + 24. Let p = o - -11. What is the units digit of (3 - p)/(-1) + 1?
1
Let v be (-1)/1 - 1*-23. Let t = -811 - -813. Suppose 4*c = 0, -n - v = -t*n + 4*c. What is the units digit of n?
2
Let d = 215 + -46. Suppose 5*c - 101 - 66 = -2*u, 4*u = -5*c + d. What is the tens digit of c?
3
What is the units digit of (0 - 1065)*73/(-219)?
5
Let x(s) = s**2 - 5*s + 4. Let n be x(4). Suppose n = i - 25 - 45. What is the tens digit of i?
7
Let o(r) = -226*r - 28. What is the tens digit of o(-3)?
5
Let m be 4/((-56)/(-26) + -2). Suppose -t - t = -m. Let b = 3 + t. What is the units digit of b?
6
Let c = -4 - 50. Let t be (4 - 8 - c) + -3. Let m = -34 + t. What is the tens digit of m?
1
Let i(n) = n**2 + 3*n + 6. Let o be i(-2). Suppose 0*m = -o*m, 615 = 3*u - 2*m. What is the hundreds digit of u?
2
Suppose 3*b = -3*b + 2352. Suppose 7*q = 3*q + b. What is the tens digit of q?
9
Let h = 0 + 1. Suppose -2*i - h = -i. What is the units digit of i/(-5) + (-88)/(-10)?
9
Let n be 123/15 - 3/15. Let b be (-17)/(-68) - 58/n. Let g = b - -18. What is the units digit of g?
1
Suppose 20*n - 66*n + 104650 = 0. What is the hundreds digit of n?
2
Let j be 2/11 + 369/(-33). Let s = j + 11. What is the tens digit of 29 + 12 - s/(-1)?
4
Let w(t) = 5*t**2 - 5*t + 11. Let f(r) = 14*r**2 - 14*r + 33. Let x(h) = -6*f(h) + 17*w(h). What is the units digit of x(-5)?
9
Let q(m) = 520*m**2 - 3*m + 2. What is the units digit of q(1)?
9
Suppose -58*x - 2342 = -151982. What is the tens digit of x?
8
Suppose 5*i = 0, 0 = -m + 2*i + i - 106. Let s = m + 152. What is the tens digit of s?
4
Let k = 0 + 10. Suppose 4*q = k - 50. What is the tens digit of (-7 + 2)*134/q?
6
Suppose 0 = -5*i + 20, -p - 3*i - 263 = 4*p. Let s = p + 330. Suppose -2*w - 3*w + s = 0. What is the units digit of w?
5
Let h(u) = -u**3 + 8*u**2 + 7*u. Let j be h(7). Suppose -2*t = 4*n - 36, -5*t + n - 3*n = -j. What is the tens digit of t?
2
Let z be 1 - (3 + 6/(-3)). Suppose z*l + 2*l + 18 = 2*y, -2*y - 5*l = 10. Suppose -y*f + 16 - 1 = 0. What is the units digit of f?
3
Let p = 46 - 28. Suppose -p*n + 95 = -13*n. What is the tens digit of n?
1
Suppose 0 = -5*u + 10*u + 25. What is the units digit of (0/2)/u + 44?
4
Let w(u) = 706*u**2 - 4*u - 3. What is the units digit of w(-1)?
7
Let k(r) = r + 30. Let o be k(8). Let m = 15 + o. What is the units digit of m?
3
Suppose -38*n + 50017 = -107683. What is the units digit of n?
0
What is the units digit of 2*-778*(-3)/(-18)*-3?
8
What is the tens digit of ((-2108)/(-6))/(28/42)?
2
Let v be 2/12 + 250/12. Let o be (-26)/(-7) - (-6)/v. Suppose -3*b + 11 = 3*i - 4, 0 = o*i - 5*b - 47. What is the units digit of i?
8
Let z be (368/10)/(-8) + 2/(-5). What is the units digit of (4 - 27)*z + (-3 - -4)?
6
Suppose 2*l + 10 = 0, 0*y - 4*y - 5*l + 15 = 0. Suppose h = -5*t - 37 - 57, t - 2*h = -y. What is the tens digit of (-14)/(-3)*t/(-6)?
1
What is the units digit of 40105/91 + 3/(42/4)?
1
Let s = 25 + -42. Let p = -13 - s. Suppose -8*x = -p*x - 148. What is the tens digit of x?
3
Let a = 114 + -22. What is the tens digit of a?
9
Let d be 41162/(-198) - 2/18. Let s = -140 - d. What is the tens digit of s?
6
Let m(c) = 25*c - 1. Let f be m(3). Let w be 778/(-34) + 23/(3910/(-20)). Let i = f + w. What is the tens digit of i?
5
Suppose -11*m + 15450 = -5*m. What is the tens digit of m?
7
Let a(c) = -8*c + 7. Let j be a(2). Let l = -5 - j. What is the units digit of l?
4
Let w = 38 + -46. What is the units digit of -11*(-2 - -3)*64/w?
8
Let q be 6/1 - (12 + -8). Suppose -q*p + 246 = -62. What is the units digit of p?
4
Let l be 26/(-4)*(-18)/(9/3). Let b = l + 5. What is the units digit of b?
4
Suppose 0 = 5*w + 5*x - 4890, 2*w + 3*x - 1959 = 4*x. What is the hundreds digit of w?
9
Suppose -3*u = 2*n - 1537, -16*n - 5*u - 3063 = -20*n. What is the units digit of n?
7
What is the hundreds digit of 12 - 18 - 1*-419?
4
Suppose -2*m = 3*a - 140, 0 = 2*a - 5*a - 5*m + 125. Let p = 86 - 68. What is the units digit of a/6 - (-12)/p?
9
Let a(i) = 322*i**2 + 3*i - 2. Let w be a(1). Suppose 3 = -p, -w = -4*f - f - 4*p. What is the units digit of f?
7
Suppose -t = 3*t + 48. Let c be (-57)/t + (-3)/4. Suppose -c*i = -0*i + l - 100, 0 = l. What is the tens digit of i?
2
Let h = 7 + -6. Let r be 4/(8/(-46)) + h. What is the units digit of 18/12*r/(-3)?
1
Let z = -1 + -2. Let f be 3 + z/((-9)/3). Suppose 0*p = -5*c - 2*p + 64, 5*c = f*p + 52. What is the units digit of c?
2
Let k(p) = -2*p - 19. Let q be k(-11). Suppose -q*f = 1 - 10. Suppose -5*x + f*x = -84. What is the tens digit of x?
4
Let f(r) = 2416*r**3 - 15*r**2 + 8*r + 6. What is the units digit of f(1)?
5
Let v = -2 - 15. Let z = v - -19. Suppose -z = -g + 8. What is the units digit of g?
0
Let g be 50/18 + (-18)/(-81). Suppose -g*h + 3 = -3. Suppose 8 + 28 = h*m. What is the units digit of m?
8
Let t(z)